15569?
953, 82073
List the prime factors of 46975792.
2, 37, 73, 1087
What are the prime factors of 1905306?
2, 3, 13, 1879
What are the prime factors of 180425079?
3, 347, 57773
List the prime factors of 5846253605.
5, 1169250721
List the prime factors of 34274613.
3, 19, 601309
List the prime factors of 46347095.
5, 9269419
What are the prime factors of 1211816715?
3, 5, 281, 287501
What are the prime factors of 1962708156?
2, 3, 47, 1159993
List the prime factors of 85513407.
3, 7, 31, 131357
What are the prime factors of 470947449?
3, 7, 4253, 5273
List the prime factors of 86765153.
19, 421, 10847
List the prime factors of 89547800.
2, 5, 389, 1151
What are the prime factors of 3654199319?
3654199319
List the prime factors of 150192729.
3, 16688081
What are the prime factors of 69936389?
69936389
What are the prime factors of 5485534864?
2, 342845929
List the prime factors of 2887907206.
2, 1443953603
What are the prime factors of 933599807?
7, 41, 3252961
What are the prime factors of 168307195?
5, 7, 4808777
What are the prime factors of 2055523079?
9739, 211061
List the prime factors of 95659327.
5227, 18301
List the prime factors of 4853533110.
2, 3, 5, 317, 510361
What are the prime factors of 73936942?
2, 19, 1945709
List the prime factors of 316675983.
3, 13, 17, 19, 23, 1093
List the prime factors of 416053425.
3, 5, 163, 34033
List the prime factors of 33310228.
2, 7, 1189651
List the prime factors of 84077832.
2, 3, 59, 59377
List the prime factors of 187242488.
2, 17, 67, 20549
List the prime factors of 4074168416.
2, 1789, 71167
What are the prime factors of 3339148168?
2, 417393521
List the prime factors of 2367707792.
2, 147981737
List the prime factors of 2066787910.
2, 5, 11, 691, 27191
What are the prime factors of 3621125666?
2, 1810562833
What are the prime factors of 2539477350?
2, 3, 5, 509, 11087
What are the prime factors of 574198322?
2, 1097, 261713
What are the prime factors of 509973298?
2, 61, 421, 9929
List the prime factors of 48313968.
2, 3, 67, 83, 181
What are the prime factors of 65691010?
2, 5, 7, 11, 85313
List the prime factors of 53088058.
2, 31, 43, 19913
What are the prime factors of 502187174?
2, 17, 211, 70001
List the prime factors of 3101206423.
7, 63289927
What are the prime factors of 467348767?
71, 1637, 4021
What are the prime factors of 1130973987?
3, 11, 13, 29, 90907
What are the prime factors of 273347002?
2, 67, 2039903
What are the prime factors of 936006500?
2, 5, 11, 13, 19, 53
List the prime factors of 9825000.
2, 3, 5, 131
List the prime factors of 656549307.
3, 2701849
What are the prime factors of 85110742?
2, 461, 92311
List the prime factors of 2131257.
3, 59, 12041
What are the prime factors of 800477828?
2, 19, 10532603
What are the prime factors of 7922416783?
72817, 108799
What are the prime factors of 440636703?
3, 13, 47, 421, 571
List the prime factors of 71298964.
2, 11, 1620431
List the prime factors of 155659608.
2, 3, 13, 166303
What are the prime factors of 961648772?
2, 7, 34344599
List the prime factors of 106728757.
19, 37, 157, 967
What are the prime factors of 1159504199?
7, 23663351
What are the prime factors of 997113698?
2, 7, 31, 53, 67, 647
List the prime factors of 616824182.
2, 13, 23724007
List the prime factors of 1640500456.
2, 7, 29294651
What are the prime factors of 8169795285?
3, 5, 1993, 273283
List the prime factors of 32916262.
2, 47, 241, 1453
List the prime factors of 172681726.
2, 7, 12334409
What are the prime factors of 291863906?
2, 145931953
List the prime factors of 551240927.
551240927
What are the prime factors of 7417332?
2, 3, 13, 587
What are the prime factors of 26310106?
2, 59, 222967
List the prime factors of 1543314375.
3, 5, 23, 79, 151
What are the prime factors of 14447037?
3, 11, 39799
List the prime factors of 765308.
2, 37, 5171
What are the prime factors of 34097054?
2, 37, 460771
List the prime factors of 4628918956.
2, 317, 3650567
What are the prime factors of 430076711?
79, 313, 17393
List the prime factors of 2367153157.
2367153157
What are the prime factors of 618750125?
5, 7, 707143
What are the prime factors of 63036306?
2, 3, 17, 47, 487
What are the prime factors of 1331959045?
5, 5417, 49177
List the prime factors of 176001923.
53, 3320791
What are the prime factors of 2548378534?
2, 13, 19, 41, 125821
List the prime factors of 38137228.
2, 9534307
What are the prime factors of 445414882?
2, 11, 31, 97, 6733
What are the prime factors of 1329403238?
2, 664701619
List the prime factors of 155680743.
3, 3739, 13879
List the prime factors of 428533550.
2, 5, 8570671
What are the prime factors of 115099686?
2, 3, 13, 107, 4597
What are the prime factors of 604302003?
3, 31, 2165957
What are the prime factors of 385537361?
11, 35048851
What are the prime factors of 36470303?
173, 210811
List the prime factors of 48735385.
5, 9747077
What are the prime factors of 23173958?
2, 17, 19, 29, 1237
What are the prime factors of 346773010?
2, 5, 29, 151, 7919
List the prime factors of 242740013.
31, 7830323
List the prime factors of 1694385248.
2, 52949539
What are the prime factors of 3119641938?
2, 3, 7, 23, 2441
List the prime factors of 1114762871.
29, 38440099
List the prime factors of 117017461.
11, 293, 36307
List the prime factors of 177966113.
13, 13689701
List the prime factors of 73509296.
2, 7, 656333
List the prime factors of 889284884.
2, 29, 7666249
List the prime factors of 4984893.
3, 17, 31, 1051
List the prime factors of 80456067.
3, 31, 53, 5441
List the prime factors of 117336998.
2, 41, 1430939
List the prime factors of 4395889912.
2, 2063, 266353
List the prime factors of 2199750484.
2, 43, 151, 84697
What are the prime factors of 2192231405?
5, 7, 13, 4818091
List the prime factors of 124685360.
2, 5, 47, 33161
List the prime factors of 881321911.
25951, 33961
List the prime factors of 1096145241.
3, 1459, 250433
What are the prime factors of 96226875?
3, 5, 17107
What are the prime factors of 305222530?
2, 5, 30522253
What are the prime factors of 356012125?
5, 7, 251, 1621
What are the prime factors of 3460442?
2, 23, 75227
List the prime factors of 373697575.
5, 41, 364583
List the prime factors of 77483629.
503, 154043
List the prime factors of 56383382.
2, 11, 2562881
What are the prime factors of 1354589522?
2, 11, 13, 1697, 2791
List the prime factors of 472779786.
2, 3, 83, 131, 7247
What are the prime factors of 42951631?
4933, 8707
What are the prime factors of 859573030?
2, 5, 1153, 74551
What are the prime factors of 218751604?
2, 179, 193, 1583
List the prime factors of 51489387.
3, 23, 251, 991
List the prime factors of 108281240.
2, 5, 23, 37, 3181
List the prime factors of 1561443695.
5, 7, 44612677
List the prime factors of 22420472.
2, 59, 47501
What are the prime factors of 923901891?
3, 11, 1723, 16249
List the prime factors of 92808391.
13, 131, 54497
List the prime factors of 578094545.
5, 7, 1549, 10663
List the prime factors of 38762678.
2, 19381339
List the prime factors of 14486057.
17, 852121
What are the prime factors of 274144592?
2, 109, 191, 823
List the prime factors of 495094457.
11, 13, 19, 107, 131
List the prime factors of 473100574.
2, 37, 6393251
List the prime factors of 71178603.
3, 59, 402139
What are the prime factors of 83893023?
3, 37, 79, 1063
List the prime factors of 2927613097.
73, 40104289
What are the prime factors of 50238244?
2, 7, 1794223
What are the prime factors of 500449771?
31, 16143541
List the prime factors of 44402650.
2, 5, 23, 38611
What are the prime factors of 24727009?
24727009
What are the prime factors of 1780291854?
2, 3, 11, 1399, 6427
What are the prime factors of 4677175810?
2, 5, 23, 211, 96377
What are the prime factors of 26599500?
2, 3, 5, 23, 257
List the prime factors of 349133867.
109, 3203063
List the prime factors of 291909590.
2, 5, 7, 379, 11003
What are the prime factors of 355953339?
3, 7, 1883351
What are the prime factors of 434405597?
434405597
What are the prime factors of 204566085?
3, 5, 4545913
What are the prime factors of 104475646?
2, 11, 67, 70879
List the prime factors of 199822994.
2, 7, 137, 104183
List the prime factors of 390442031.
7, 67, 832499
List the prime factors of 4274910865.
5, 17, 5029